
Let p = 21 - 17. Suppose -p*r = -r - 1353. Is r prime?
False
Suppose 37*i + 33259 = 432822. Is i composite?
False
Suppose -2674 = -30*d - 694. Suppose 0*v = v + 17. Let l = d + v. Is l prime?
False
Let r(y) = 291 - 8*y - y**2 + 2*y - 289. Let l be r(-6). Suppose -l*k + 236 = -o - 81, 0 = -5*k + 2*o + 793. Is k prime?
False
Suppose -9*p + 19055 + 7936 = 0. Is p a composite number?
False
Let t = 2628 - -413. Is t prime?
True
Let f be 16/6*(12/8 + 0). Suppose -y + b = -b - 11, -y = b - 8. Suppose -f*u + 35 = -y. Is u composite?
False
Let q = -1268 + 8563. Is q a prime number?
False
Let n(v) = 7*v. Let w be n(0). Suppose 6*t - 4154 + 380 = w. Is t prime?
False
Let d(a) = a**2 - 3*a + 25. Let z = 3 + -20. Is d(z) prime?
False
Let n(p) = 37*p**2 - p - 9. Is n(-4) a composite number?
False
Let o(g) = -2*g**2 + 4*g + 10. Let l be o(5). Let p = l - -41. Is p a composite number?
True
Suppose -4*c + 5*r = -6, 0 = 4*c + 3*r - 7 - 15. Suppose -o - b - 13 = -6*o, c = 2*b. Suppose -w + o*w - 586 = 0. Is w a prime number?
True
Let a(f) = -190*f - 17. Let x be 25/(-4) - (-1)/8*2. Is a(x) a prime number?
True
Let o = 14669 + -10388. Is o composite?
True
Suppose -43*y + 869405 + 6462 = 0. Is y a composite number?
False
Let x = 3 + -4. Let r be x*(0/1)/3. Suppose -4*i + i + 1119 = r. Is i prime?
True
Is (192/64)/((-6)/(-127802)) a composite number?
False
Let m = 31 + -29. Suppose 3*n = p - 1228, -m*p + p = n - 1208. Is p composite?
False
Let b = -6191 + 13470. Is b a composite number?
True
Suppose 5*x + 0*x - 130 = 0. Suppose -3*p - 137 = -x. Let w = p + 71. Is w a composite number?
True
Let x(j) = 2*j**2 + 3*j - 2. Let t be x(1). Suppose 3*g = -2*o + 881, 0 = 4*g + t*o - 6*o - 1203. Let c = 506 - g. Is c a prime number?
False
Let d be -24 + 3/(-1) + 1. Let w = 25 + d. Is w/(1352/452 - 3) prime?
True
Let t(v) = 5411*v - 4. Is t(1) a composite number?
False
Suppose -5 = -k, -f + 5*k = 22 + 2. Let w(s) be the first derivative of 51*s**2/2 + 2*s - 6. Is w(f) prime?
True
Let s(b) = -b**2 + 5*b - 7. Let c be s(3). Is 5/c + -28 + 512 a composite number?
False
Suppose 0 = 24*u - 41698 - 23270. Is u a prime number?
True
Let a = -95 - -98. Is (a + (-12 - -4))*-1217 a prime number?
False
Is (1 - -8911) + (-726)/(-66) a prime number?
True
Suppose 8*n - 12145 - 7287 = 0. Is n a prime number?
False
Suppose -24605 = -2*h - 3*h. Suppose 5*a + l = 3*a + 4917, 0 = 2*a - 3*l - h. Is a prime?
True
Let k(v) = v**3 + v**2 - 5*v - 6. Let r be k(-4). Is (r/3)/(-2 - 640/(-321)) a composite number?
True
Let o = -242 - -2085. Is o a prime number?
False
Let n be 33/4 + (-2)/8. Suppose 0 = -4*w - 4*s - 32, n = -5*w + 2*w + 5*s. Is 3/2*(-484)/w prime?
False
Let l(f) = 3*f**2 + f - 15. Let a be l(-16). Let n = a - -384. Is n a composite number?
True
Let i = 13078 - 8457. Is i composite?
False
Suppose d - 29034 - 36926 = -3*k, -3*d + 43985 = 2*k. Is k composite?
True
Let o(s) be the second derivative of -31*s**5/20 - s**3 + 9*s**2/2 + 17*s. Is o(-4) a prime number?
True
Let i(x) = x**2. Let f be i(0). Let z be -4 + -290 + 1 - f. Let r = z + 807. Is r composite?
True
Suppose 0*y = 5*y - 69640. Suppose 7*x + 537 = y. Is x a composite number?
False
Suppose -7*k = -12*k + 443055. Let f be k/12 - 3/(-4). Suppose 7*r - f = -0*r. Is r a prime number?
False
Suppose 0 = -0*s + 18*s - 80118. Is s prime?
True
Let n be (-5586)/(-8) + 3/(-12). Let k be n/(-8) - (-1)/4. Let h = -34 - k. Is h a prime number?
True
Let x = 480 + -333. Let k = 266 - x. Suppose 3*i - d - d - k = 0, -2*d = 3*i - 103. Is i a prime number?
True
Let t be (1*-3)/((-7)/(-14))*-603. Suppose t = 8*a - 10246. Is a prime?
True
Is 501*(-1 - -11) + 7 a prime number?
False
Suppose 4*i - 42744 = 2*t, -5*i + 2*t - 5*t + 53441 = 0. Is i composite?
False
Suppose -12*w - 872 = -8*w. Let h = 423 + w. Is h a composite number?
True
Let h = 10 - 18. Let x be (1 + 12/h)*-2. Is 1 - 2 - x*-56 a composite number?
True
Suppose 0 = 11*f - 136238 - 33459. Is f a composite number?
False
Let t = -231629 - -333360. Is t a prime number?
False
Suppose 5*z + 315 = 3*o - 242, 0 = 3*o + 2*z - 550. Let f = o - 334. Let u = f + 311. Is u a prime number?
False
Suppose -2*s + 11429 = 3*i, -2*i - 3*s + 4050 = -3571. Is i prime?
False
Let y = 13 - 8. Let b(t) = -2*t**2 + 7*t - y + 16 - 3*t**2 + t**3. Is b(8) composite?
True
Let j be 1149 + (-8 + -4)/4. Suppose k - j = -k. Is k a prime number?
False
Let y(h) = -h**2 + 16. Let f be y(0). Let s(n) = 2*n**2 + 11*n - 8. Let m be s(f). Let u = m + 63. Is u prime?
True
Suppose -2*q + 3*q - 261 = -3*w, -2*w = -q + 251. Suppose 1292 = 7*t - q. Is t/1 + 2/1 a composite number?
False
Let s = -46 - -43. Is -1 + 70/(s - -4) a composite number?
True
Suppose 29 = 5*w + a, 5*a = 5*w - 0*a - 5. Suppose -2*k - 9 = w. Let t(s) = -s**3 + 4*s**2 + 9*s + 3. Is t(k) composite?
False
Suppose -4*k - 5*n = -41, 0 = -k - 4*k + 5*n - 5. Suppose k*x = 15 + 1. Suppose -4*l = -3*t + 163, -t - x*t = 2*l - 263. Is t prime?
True
Suppose 0 = -4*q - 5*f + 69 + 16, -q - 5*f = -40. Suppose -2*w + q = 3*w. Suppose w*b - 83 = 796. Is b prime?
True
Suppose 0 = 123*l - 88*l - 346465. Is l a composite number?
True
Is (-6)/8 - (306471/(-4) + -2) a prime number?
False
Let w = -12828 + 21491. Is w a prime number?
True
Let s be (3/2)/((-3)/(-12)). Suppose -y - 3516 = -s*i + 2*i, -3*i - y = -2637. Is i composite?
True
Let v = -17 - -23. Let s(o) = -3*o**2 + v*o**2 - 1 + 6*o**2 + 0 - 5*o. Is s(6) prime?
True
Suppose -3*v - 5 = -4*t + 4, v = 4*t - 11. Suppose -3*l + 31 = 4*o + 5, 4*o - 4*l - 12 = 0. Suppose o*f = t*n - 479, 2*f - 153 = -n + 7*f. Is n composite?
False
Let n = 1248 - -6251. Is n a prime number?
True
Let o(t) = -t**2 - 17*t - 6. Let p be o(-12). Is (-5314)/(-18) - ((-150)/p - -3) a composite number?
True
Let v(g) = -g**3 - 7*g**2 - 7*g + 2. Let m be v(-6). Is ((-7094)/m)/(-1*(-3)/(-12)) composite?
False
Is (-1 - 1)*2*46229/(-4) composite?
False
Suppose 0 = -3*v + 7*v. Suppose 19*o - 16*o - 633 = v. Is o a prime number?
True
Is ((-6)/2)/(2*(-6)/20156) prime?
True
Let c(t) be the third derivative of t**4/24 - t**3/2 - 11*t**2. Let d be c(5). Suppose 2*i = -x + 119, -4*i + 123 = 3*x - d*x. Is x a composite number?
True
Let s = -42 + 42. Let u(d) = -2*d**3 - d**2 + d + 85. Is u(s) a composite number?
True
Let k be (-5)/10*(-4)/2. Let i be k/((-28)/10 + 3). Suppose -i*x + 728 = -1707. Is x a composite number?
False
Suppose -13*m + 14573 = -936. Is m prime?
True
Suppose 10050 = -7*o + 19. Let f = o - -3654. Is f prime?
True
Suppose 0 = 4*p - 5*k + 1516, 3*k + 372 = -p + 6*k. Let y = p - -803. Is y a prime number?
True
Let m be (-4)/(4/172 - 0). Let u = 115 - m. Is u prime?
False
Let n = 14 + -12. Suppose -d + 3360 = 4*d - 5*r, -3*d + n*r = -2018. Is d composite?
True
Let b = -3162 - -8219. Is b prime?
False
Is 26840/6 + 16/24 a composite number?
True
Suppose -51*w + 9532 = p - 52*w, 0 = 4*p - 5*w - 38127. Is p a prime number?
True
Let o = -13 - -18. Suppose 4*d - o*d = 2*t - 11, 22 = 3*t - 4*d. Is (320 - t)*(-5)/(-2) composite?
True
Suppose -2192 = -2*b + 6594. Is b composite?
True
Suppose 0 = 14*k - 15*k + 5048. Is (3 - k)*1/(-5) a prime number?
True
Let y = -31 - -45. Is 4/(-14) + 8810/y prime?
False
Let a(b) be the first derivative of b**4/4 + 3*b**3 - 5*b**2/2 + 2*b + 8. Is a(-9) a composite number?
False
Let k = -14324 - -20445. Is k composite?
False
Let m(g) be the third derivative of g**5/10 + g**4/3 - g**3/2 - 33*g**2. Is m(-8) a composite number?
False
Suppose -2*m = -5*n - 35868, 3*m + 53813 = 6*m - 2*n. Is m a prime number?
True
Suppose 1 = 3*n + s, -2*s = -3*n + 3*s + 31. Suppose -4*y + 24 = -n*q, -4*y - 2*q = -0*y - 16. Is 2/(y*8/260) prime?
True
Suppose 0 = -2*v + 291 + 221. Suppose -v - 142 = -2*r. Is r composite?
False
Let g(n) = -74*n + 14. Let x be g(-13). Suppose 5*y - x = 754. Is y a prime number?
False
Suppose -177 = -l - 5*q, -q + 142 = l - 3*q. Let v(n) = -n**3 - 2*n - 1. Let b be v(-2). Let j = b + l. Is j a prime number?
True
Let z(j) = -j**3 - 4*j**2 + 3*j - 1. Let u be z(-5). Let h be 2/(-6) - (-4206)/u. Is 2/1*1 + h a composite number?
True
Suppose -6*k - 884 = 7*k. Let p = 231 + k. Is p composite?
False
Let d = 1755 + -4443. Let u = 3879 + d. Let w = -670 + u. Is w composite?
False
Let c be 4 + (-1 - -1) + 1. Suppose 0 = x + 4*